{"id":1259,"date":"2022-09-12T22:52:26","date_gmt":"2022-09-12T22:52:26","guid":{"rendered":"http:\/\/localhost\/stratis.br.v2\/?page_id=1259"},"modified":"2023-05-12T20:24:11","modified_gmt":"2023-05-12T20:24:11","slug":"materiais","status":"publish","type":"page","link":"https:\/\/br.mystratis.com\/riskmanagement\/materiais\/","title":{"rendered":"Materiais"},"content":{"rendered":"<div class=\"wp-block-post-excerpt\"><p class=\"wp-block-post-excerpt__excerpt\">A solu\u00e7\u00e3o ideal para a seguran\u00e7a do seu neg\u00f3cio para vendas digitais.<\/p><p class=\"wp-block-post-excerpt__more-text\"><a target=\"_blank\" class=\"wp-block-post-excerpt__more-link\" href=\"https:\/\/br.mystratis.com\/riskmanagement\/materiais\/\">Sed ut perspiciatis unde omnis iste natus error sit voluptatem accusantium doloremque laudantium, totam rem aperiam eaque ipsa, quae ab illo inventore veritatis et quasi architecto beatae vitae dicta sunt, explicabo.<\/a><\/p><\/div>","protected":false},"excerpt":{"rendered":"<p>A solu\u00e7\u00e3o ideal para a seguran\u00e7a do seu neg\u00f3cio para vendas digitais.<\/p>\n","protected":false},"author":1,"featured_media":0,"parent":0,"menu_order":0,"comment_status":"closed","ping_status":"closed","template":"resources.php","meta":{"_acf_changed":false,"inline_featured_image":false,"footnotes":""},"class_list":["post-1259","page","type-page","status-publish","hentry"],"acf":[],"yoast_head":"<!-- This site is optimized with the Yoast SEO plugin v27.0 - https:\/\/yoast.com\/product\/yoast-seo-wordpress\/ -->\n<title>Materiais - Stratis | Brasil<\/title>\n<meta name=\"robots\" content=\"index, follow, max-snippet:-1, max-image-preview:large, max-video-preview:-1\" \/>\n<link rel=\"canonical\" href=\"https:\/\/br.mystratis.com\/riskmanagement\/materiais\/\" \/>\n<meta property=\"og:locale\" content=\"pt_BR\" \/>\n<meta property=\"og:type\" content=\"article\" \/>\n<meta property=\"og:title\" content=\"Materiais - Stratis | Brasil\" \/>\n<meta property=\"og:description\" content=\"A solu\u00e7\u00e3o ideal para a seguran\u00e7a do seu neg\u00f3cio para vendas digitais.\" \/>\n<meta property=\"og:url\" content=\"https:\/\/br.mystratis.com\/riskmanagement\/materiais\/\" \/>\n<meta property=\"og:site_name\" content=\"Stratis | Brasil\" \/>\n<meta property=\"article:modified_time\" content=\"2023-05-12T20:24:11+00:00\" \/>\n<meta name=\"twitter:card\" content=\"summary_large_image\" \/>\n<script type=\"application\/ld+json\" class=\"yoast-schema-graph\">{\"@context\":\"https:\/\/schema.org\",\"@graph\":[{\"@type\":\"WebPage\",\"@id\":\"https:\/\/br.mystratis.com\/riskmanagement\/materiais\/\",\"url\":\"https:\/\/br.mystratis.com\/riskmanagement\/materiais\/\",\"name\":\"Materiais - Stratis | Brasil\",\"isPartOf\":{\"@id\":\"https:\/\/br.mystratis.com\/riskmanagement\/#website\"},\"datePublished\":\"2022-09-12T22:52:26+00:00\",\"dateModified\":\"2023-05-12T20:24:11+00:00\",\"breadcrumb\":{\"@id\":\"https:\/\/br.mystratis.com\/riskmanagement\/materiais\/#breadcrumb\"},\"inLanguage\":\"pt-BR\",\"potentialAction\":[{\"@type\":\"ReadAction\",\"target\":[\"https:\/\/br.mystratis.com\/riskmanagement\/materiais\/\"]}]},{\"@type\":\"BreadcrumbList\",\"@id\":\"https:\/\/br.mystratis.com\/riskmanagement\/materiais\/#breadcrumb\",\"itemListElement\":[{\"@type\":\"ListItem\",\"position\":1,\"name\":\"Home\",\"item\":\"https:\/\/br.mystratis.com\/riskmanagement\/\"},{\"@type\":\"ListItem\",\"position\":2,\"name\":\"Materiais\"}]},{\"@type\":\"WebSite\",\"@id\":\"https:\/\/br.mystratis.com\/riskmanagement\/#website\",\"url\":\"https:\/\/br.mystratis.com\/riskmanagement\/\",\"name\":\"Stratis | Brasil\",\"description\":\"consultor de tecnologia\",\"publisher\":{\"@id\":\"https:\/\/br.mystratis.com\/riskmanagement\/#organization\"},\"potentialAction\":[{\"@type\":\"SearchAction\",\"target\":{\"@type\":\"EntryPoint\",\"urlTemplate\":\"https:\/\/br.mystratis.com\/riskmanagement\/?s={search_term_string}\"},\"query-input\":{\"@type\":\"PropertyValueSpecification\",\"valueRequired\":true,\"valueName\":\"search_term_string\"}}],\"inLanguage\":\"pt-BR\"},{\"@type\":\"Organization\",\"@id\":\"https:\/\/br.mystratis.com\/riskmanagement\/#organization\",\"name\":\"Stratis | Brasil\",\"url\":\"https:\/\/br.mystratis.com\/riskmanagement\/\",\"logo\":{\"@type\":\"ImageObject\",\"inLanguage\":\"pt-BR\",\"@id\":\"https:\/\/br.mystratis.com\/riskmanagement\/#\/schema\/logo\/image\/\",\"url\":\"https:\/\/br.mystratis.com\/riskmanagement\/wp-content\/uploads\/2023\/10\/cropped-Stratis_risk_managment_logo.png\",\"contentUrl\":\"https:\/\/br.mystratis.com\/riskmanagement\/wp-content\/uploads\/2023\/10\/cropped-Stratis_risk_managment_logo.png\",\"width\":237,\"height\":107,\"caption\":\"Stratis | Brasil\"},\"image\":{\"@id\":\"https:\/\/br.mystratis.com\/riskmanagement\/#\/schema\/logo\/image\/\"}}]}<\/script>\n<!-- \/ Yoast SEO plugin. -->","yoast_head_json":{"title":"Materiais - Stratis | Brasil","robots":{"index":"index","follow":"follow","max-snippet":"max-snippet:-1","max-image-preview":"max-image-preview:large","max-video-preview":"max-video-preview:-1"},"canonical":"https:\/\/br.mystratis.com\/riskmanagement\/materiais\/","og_locale":"pt_BR","og_type":"article","og_title":"Materiais - Stratis | Brasil","og_description":"A solu\u00e7\u00e3o ideal para a seguran\u00e7a do seu neg\u00f3cio para vendas digitais.","og_url":"https:\/\/br.mystratis.com\/riskmanagement\/materiais\/","og_site_name":"Stratis | Brasil","article_modified_time":"2023-05-12T20:24:11+00:00","twitter_card":"summary_large_image","schema":{"@context":"https:\/\/schema.org","@graph":[{"@type":"WebPage","@id":"https:\/\/br.mystratis.com\/riskmanagement\/materiais\/","url":"https:\/\/br.mystratis.com\/riskmanagement\/materiais\/","name":"Materiais - Stratis | Brasil","isPartOf":{"@id":"https:\/\/br.mystratis.com\/riskmanagement\/#website"},"datePublished":"2022-09-12T22:52:26+00:00","dateModified":"2023-05-12T20:24:11+00:00","breadcrumb":{"@id":"https:\/\/br.mystratis.com\/riskmanagement\/materiais\/#breadcrumb"},"inLanguage":"pt-BR","potentialAction":[{"@type":"ReadAction","target":["https:\/\/br.mystratis.com\/riskmanagement\/materiais\/"]}]},{"@type":"BreadcrumbList","@id":"https:\/\/br.mystratis.com\/riskmanagement\/materiais\/#breadcrumb","itemListElement":[{"@type":"ListItem","position":1,"name":"Home","item":"https:\/\/br.mystratis.com\/riskmanagement\/"},{"@type":"ListItem","position":2,"name":"Materiais"}]},{"@type":"WebSite","@id":"https:\/\/br.mystratis.com\/riskmanagement\/#website","url":"https:\/\/br.mystratis.com\/riskmanagement\/","name":"Stratis | Brasil","description":"consultor de tecnologia","publisher":{"@id":"https:\/\/br.mystratis.com\/riskmanagement\/#organization"},"potentialAction":[{"@type":"SearchAction","target":{"@type":"EntryPoint","urlTemplate":"https:\/\/br.mystratis.com\/riskmanagement\/?s={search_term_string}"},"query-input":{"@type":"PropertyValueSpecification","valueRequired":true,"valueName":"search_term_string"}}],"inLanguage":"pt-BR"},{"@type":"Organization","@id":"https:\/\/br.mystratis.com\/riskmanagement\/#organization","name":"Stratis | Brasil","url":"https:\/\/br.mystratis.com\/riskmanagement\/","logo":{"@type":"ImageObject","inLanguage":"pt-BR","@id":"https:\/\/br.mystratis.com\/riskmanagement\/#\/schema\/logo\/image\/","url":"https:\/\/br.mystratis.com\/riskmanagement\/wp-content\/uploads\/2023\/10\/cropped-Stratis_risk_managment_logo.png","contentUrl":"https:\/\/br.mystratis.com\/riskmanagement\/wp-content\/uploads\/2023\/10\/cropped-Stratis_risk_managment_logo.png","width":237,"height":107,"caption":"Stratis | Brasil"},"image":{"@id":"https:\/\/br.mystratis.com\/riskmanagement\/#\/schema\/logo\/image\/"}}]}},"_links":{"self":[{"href":"https:\/\/br.mystratis.com\/riskmanagement\/wp-json\/wp\/v2\/pages\/1259","targetHints":{"allow":["GET"]}}],"collection":[{"href":"https:\/\/br.mystratis.com\/riskmanagement\/wp-json\/wp\/v2\/pages"}],"about":[{"href":"https:\/\/br.mystratis.com\/riskmanagement\/wp-json\/wp\/v2\/types\/page"}],"author":[{"embeddable":true,"href":"https:\/\/br.mystratis.com\/riskmanagement\/wp-json\/wp\/v2\/users\/1"}],"replies":[{"embeddable":true,"href":"https:\/\/br.mystratis.com\/riskmanagement\/wp-json\/wp\/v2\/comments?post=1259"}],"version-history":[{"count":0,"href":"https:\/\/br.mystratis.com\/riskmanagement\/wp-json\/wp\/v2\/pages\/1259\/revisions"}],"wp:attachment":[{"href":"https:\/\/br.mystratis.com\/riskmanagement\/wp-json\/wp\/v2\/media?parent=1259"}],"curies":[{"name":"wp","href":"https:\/\/api.w.org\/{rel}","templated":true}]}}